{"id":2,"date":"2018-01-04T21:01:54","date_gmt":"2018-01-04T20:01:54","guid":{"rendered":"https:\/\/aptekaifarm.pl\/?page_id=2"},"modified":"2020-09-28T11:03:42","modified_gmt":"2020-09-28T09:03:42","slug":"kontakt","status":"publish","type":"page","link":"https:\/\/aptekaifarm.pl\/","title":{"rendered":""},"content":{"rendered":"<div style=\"width: 980px; height: 300px;\">\n<div style=\"width: 520px; height: 200px; float: left;\">\n<h3><strong>Apteka Ifarm<\/strong><\/h3>\n<h3>ul. Staropijarska 24<br \/>\n21-400 \u0141uk\u00f3w<br \/>\ntel. 25 798 88 77<\/h3>\n<h5 class=\"\">Apteka jest czynna w godzinach<br \/>\nPoniedzia\u0142ek &#8211; Pi\u0105tek 8:00-20:00<br \/>\nSobota 8:00-17:00<\/h5>\n<\/div>\n<div style=\"width: 450px; height: 200px; float: right;\"><img loading=\"lazy\" decoding=\"async\" class=\"alignright size-large wp-image-128\" src=\"https:\/\/aptekaifarm.pl\/wp-content\/uploads\/2018\/04\/1.jpg\" alt=\"\" width=\"640\" height=\"480\" data-id=\"128\" \/><\/div>\n<\/div>\n<div style=\"border: 3px solid black; margin-bottom: 50px;\">            <script type=\"text\/javascript\">\r\n                jQuery(document).ready(function ($) {\r\n                    var wgm_map = new google.maps.Map(document.getElementById(\"srm_gmp_embed_1\"), {\r\n                        center: new google.maps.LatLng(51.929905, 22.379874),\r\n                        zoom: 16,\r\n                        mapTypeId: google.maps.MapTypeId.ROADMAP,\r\n                        scrollwheel: true,\r\n                        zoomControl: true,\r\n                        mapTypeControl: true,\r\n                        streetViewControl: true,\r\n                        fullscreenControl: true,\r\n                        draggable: true,\r\n                        disableDoubleClickZoom: false,\r\n                        panControl: true                    });\r\n                    var wgm_theme_json = '';\r\n                    if (wgm_theme_json.length > 0) {\r\n                        wgm_map.setOptions({ styles: JSON.parse(wgm_theme_json) });\r\n                    }\r\n                    \/\/ To view directions form and data\r\n                                        var wgm_data_1 = {\r\n                        'action': 'wpgmapembed_p_get_markers_by_map_id',\r\n                        'data': {\r\n                            map_id: '67',\r\n                            ajax_nonce: 'ab391ccc06'\r\n                        }\r\n                    };\r\n                    var wgm_ajaxurl_1 = 'https:\/\/aptekaifarm.pl\/wp-admin\/admin-ajax.php'\r\n                    jQuery.post(wgm_ajaxurl_1, wgm_data_1, function (response) {\r\n                        response = JSON.parse(response);\r\n                        if (response.markers.length === 1) {\r\n                            var wgm_marker_to_1 = response.markers[0].marker_desc;\/\/.replace(\/&gt;\/g, '>').replace(\/&lt;\/g, '<');\r\n                            jQuery('#srm_gmap_to_1').val(wgm_marker_to_1.replace(\/(<([^>]+)>)\/gi, \"\"));\r\n                        }\r\n                        var wgm_default_marker_icon_1 = 'https:\/\/maps.gstatic.com\/mapfiles\/api-3\/images\/spotlight-poi2.png';\r\n                        if (response.markers.length > 0) {\r\n                            var custom_markers = [];\r\n                            var custom_marker_infowindows = [];\r\n                            response.markers.forEach(function (wgm_marker, i) {\r\n                                var wgm_marker_lat_lng_1 = wgm_marker.lat_lng.split(',');\r\n                                wgm_custom_marker_1 = new google.maps.Marker({\r\n                                    position: new google.maps.LatLng(wgm_marker_lat_lng_1[0], wgm_marker_lat_lng_1[1]),\r\n                                    title: wgm_marker.marker_name,\r\n                                    animation: google.maps.Animation.DROP,\r\n                                    icon: (wgm_marker.icon === '') ? wgm_default_marker_icon_1 : wgm_marker.icon\r\n                                });\r\n                                custom_markers[i] = wgm_custom_marker_1;\r\n                                wgm_custom_marker_1.setMap(wgm_map);\r\n                                var wgm_marker_name_1 = (wgm_marker.marker_name !== null) ? ('<span class=\"info_content_title\" style=\"font-size:18px;font-weight: bold;font-family: Arial;\">'\r\n                                    + wgm_marker.marker_name +\r\n                                    '<\/span><br\/>') : '';\r\n                                \/\/wgm_marker.marker_desc = wgm_marker.marker_desc.replace(\/&gt;\/g, '>').replace(\/&lt;\/g, '<');\r\n                                custom_marker_infowindow = new google.maps.InfoWindow({\r\n                                    content: wgm_marker_name_1 + wgm_marker.marker_desc\r\n                                });\r\n                                custom_marker_infowindows[i] = custom_marker_infowindow;\r\n                                if (wgm_marker.show_desc_by_default === '1') {\r\n                                    custom_marker_infowindow.open({\r\n                                        anchor: wgm_custom_marker_1,\r\n                                        shouldFocus: false\r\n                                    });\r\n                                } else {\r\n                                    google.maps.event.addListener(wgm_custom_marker_1, 'click', function () {\r\n                                        custom_marker_infowindows[i].open({\r\n                                            anchor: custom_markers[i],\r\n                                            shouldFocus: false\r\n                                        });\r\n                                    });\r\n                                }\r\n                                if (wgm_marker.have_marker_link === '1') {\r\n                                    google.maps.event.addListener(wgm_custom_marker_1, 'click', function () {\r\n                                        var wgm_target = '_self';\r\n                                        if (wgm_marker.marker_link_new_tab === '1') {\r\n                                            wgm_target = '_blank';\r\n                                        }\r\n                                        window.open(wgm_marker.marker_link, wgm_target);\r\n                                    });\r\n                                }\r\n                            });\r\n                        }\r\n                    });\r\n                });\r\n\r\n            <\/script>\r\n\r\n            <div id=\"srm_gmp_embed_1\"\r\n                style=\"width:100% !important;height:200px  !important; \">\r\n            <\/div>\r\n                    <\/div>\n<div style=\"width: 980px; height: 400px;\">\n<div style=\"width: 520px; height: 200px; float: left;\">\n<h3><strong>Apteka Dy\u017curna Ifarm<\/strong><\/h3>\n<h3>ul. A. Rogali\u0144skiego 14<br \/>\n21-400 \u0141uk\u00f3w<br \/>\ntel. 25 631 14 21<\/h3>\n<h5 class=\"\">Apteka jest czynna w godzinach<br \/>\nPoniedzia\u0142ek &#8211; Sobota 8:00-20:00<br \/>\nNiedziele i \u015awi\u0119ta 10:00-20:00<\/h5>\n<\/div>\n<div style=\"width: 450px; height: 400px; float: right;\"><img loading=\"lazy\" decoding=\"async\" class=\"alignright size-large wp-image-128\" src=\"https:\/\/aptekaifarm.pl\/wp-content\/uploads\/2018\/04\/20180327_163837.jpg\" alt=\"\" width=\"640\" height=\"480\" data-id=\"128\" \/><\/div>\n<\/div>\n<div style=\"border: 3px solid black; margin-bottom: 50px;\">            <script type=\"text\/javascript\">\r\n                jQuery(document).ready(function ($) {\r\n                    var wgm_map = new google.maps.Map(document.getElementById(\"srm_gmp_embed_2\"), {\r\n                        center: new google.maps.LatLng(51.924380, 22.378359),\r\n                        zoom: 16,\r\n                        mapTypeId: google.maps.MapTypeId.ROADMAP,\r\n                        scrollwheel: true,\r\n                        zoomControl: true,\r\n                        mapTypeControl: true,\r\n                        streetViewControl: true,\r\n                        fullscreenControl: true,\r\n                        draggable: true,\r\n                        disableDoubleClickZoom: false,\r\n                        panControl: true                    });\r\n                    var wgm_theme_json = '';\r\n                    if (wgm_theme_json.length > 0) {\r\n                        wgm_map.setOptions({ styles: JSON.parse(wgm_theme_json) });\r\n                    }\r\n                    \/\/ To view directions form and data\r\n                                        var wgm_data_2 = {\r\n                        'action': 'wpgmapembed_p_get_markers_by_map_id',\r\n                        'data': {\r\n                            map_id: '134',\r\n                            ajax_nonce: 'ab391ccc06'\r\n                        }\r\n                    };\r\n                    var wgm_ajaxurl_2 = 'https:\/\/aptekaifarm.pl\/wp-admin\/admin-ajax.php'\r\n                    jQuery.post(wgm_ajaxurl_2, wgm_data_2, function (response) {\r\n                        response = JSON.parse(response);\r\n                        if (response.markers.length === 1) {\r\n                            var wgm_marker_to_2 = response.markers[0].marker_desc;\/\/.replace(\/&gt;\/g, '>').replace(\/&lt;\/g, '<');\r\n                            jQuery('#srm_gmap_to_2').val(wgm_marker_to_2.replace(\/(<([^>]+)>)\/gi, \"\"));\r\n                        }\r\n                        var wgm_default_marker_icon_2 = 'https:\/\/maps.gstatic.com\/mapfiles\/api-3\/images\/spotlight-poi2.png';\r\n                        if (response.markers.length > 0) {\r\n                            var custom_markers = [];\r\n                            var custom_marker_infowindows = [];\r\n                            response.markers.forEach(function (wgm_marker, i) {\r\n                                var wgm_marker_lat_lng_2 = wgm_marker.lat_lng.split(',');\r\n                                wgm_custom_marker_2 = new google.maps.Marker({\r\n                                    position: new google.maps.LatLng(wgm_marker_lat_lng_2[0], wgm_marker_lat_lng_2[1]),\r\n                                    title: wgm_marker.marker_name,\r\n                                    animation: google.maps.Animation.DROP,\r\n                                    icon: (wgm_marker.icon === '') ? wgm_default_marker_icon_2 : wgm_marker.icon\r\n                                });\r\n                                custom_markers[i] = wgm_custom_marker_2;\r\n                                wgm_custom_marker_2.setMap(wgm_map);\r\n                                var wgm_marker_name_2 = (wgm_marker.marker_name !== null) ? ('<span class=\"info_content_title\" style=\"font-size:18px;font-weight: bold;font-family: Arial;\">'\r\n                                    + wgm_marker.marker_name +\r\n                                    '<\/span><br\/>') : '';\r\n                                \/\/wgm_marker.marker_desc = wgm_marker.marker_desc.replace(\/&gt;\/g, '>').replace(\/&lt;\/g, '<');\r\n                                custom_marker_infowindow = new google.maps.InfoWindow({\r\n                                    content: wgm_marker_name_2 + wgm_marker.marker_desc\r\n                                });\r\n                                custom_marker_infowindows[i] = custom_marker_infowindow;\r\n                                if (wgm_marker.show_desc_by_default === '1') {\r\n                                    custom_marker_infowindow.open({\r\n                                        anchor: wgm_custom_marker_2,\r\n                                        shouldFocus: false\r\n                                    });\r\n                                } else {\r\n                                    google.maps.event.addListener(wgm_custom_marker_2, 'click', function () {\r\n                                        custom_marker_infowindows[i].open({\r\n                                            anchor: custom_markers[i],\r\n                                            shouldFocus: false\r\n                                        });\r\n                                    });\r\n                                }\r\n                                if (wgm_marker.have_marker_link === '1') {\r\n                                    google.maps.event.addListener(wgm_custom_marker_2, 'click', function () {\r\n                                        var wgm_target = '_self';\r\n                                        if (wgm_marker.marker_link_new_tab === '1') {\r\n                                            wgm_target = '_blank';\r\n                                        }\r\n                                        window.open(wgm_marker.marker_link, wgm_target);\r\n                                    });\r\n                                }\r\n                            });\r\n                        }\r\n                    });\r\n                });\r\n\r\n            <\/script>\r\n\r\n            <div id=\"srm_gmp_embed_2\"\r\n                style=\"width:100% !important;height:200px  !important; \">\r\n            <\/div>\r\n                    <\/div>\n","protected":false},"excerpt":{"rendered":"<p>Apteka Ifarm ul. Staropijarska 24 21-400 \u0141uk\u00f3w tel. 25 798 88 77 Apteka jest czynna w godzinach Poniedzia\u0142ek &#8211; Pi\u0105tek 8:00-20:00 Sobota 8:00-17:00 Apteka Dy\u017curna Ifarm ul. A. Rogali\u0144skiego 14 21-400 \u0141uk\u00f3w tel. 25 631 14 21 Apteka jest czynna w godzinach Poniedzia\u0142ek &#8211; Sobota 8:00-20:00 Niedziele i \u015awi\u0119ta 10:00-20:00<\/p>\n","protected":false},"author":1,"featured_media":0,"parent":0,"menu_order":0,"comment_status":"closed","ping_status":"open","template":"","meta":{"footnotes":""},"class_list":["post-2","page","type-page","status-publish","hentry"],"_links":{"self":[{"href":"https:\/\/aptekaifarm.pl\/index.php?rest_route=\/wp\/v2\/pages\/2","targetHints":{"allow":["GET"]}}],"collection":[{"href":"https:\/\/aptekaifarm.pl\/index.php?rest_route=\/wp\/v2\/pages"}],"about":[{"href":"https:\/\/aptekaifarm.pl\/index.php?rest_route=\/wp\/v2\/types\/page"}],"author":[{"embeddable":true,"href":"https:\/\/aptekaifarm.pl\/index.php?rest_route=\/wp\/v2\/users\/1"}],"replies":[{"embeddable":true,"href":"https:\/\/aptekaifarm.pl\/index.php?rest_route=%2Fwp%2Fv2%2Fcomments&post=2"}],"version-history":[{"count":25,"href":"https:\/\/aptekaifarm.pl\/index.php?rest_route=\/wp\/v2\/pages\/2\/revisions"}],"predecessor-version":[{"id":231,"href":"https:\/\/aptekaifarm.pl\/index.php?rest_route=\/wp\/v2\/pages\/2\/revisions\/231"}],"wp:attachment":[{"href":"https:\/\/aptekaifarm.pl\/index.php?rest_route=%2Fwp%2Fv2%2Fmedia&parent=2"}],"curies":[{"name":"wp","href":"https:\/\/api.w.org\/{rel}","templated":true}]}}